{"id":93150,"date":"2025-01-28T21:35:54","date_gmt":"2025-01-28T20:35:54","guid":{"rendered":"https:\/\/immo-monte.me\/immobilie\/izdaje-se-stan-u-baru-mb101\/"},"modified":"2025-01-28T21:53:49","modified_gmt":"2025-01-28T20:53:49","slug":"izdaje-se-stan-u-baru-mb101","status":"publish","type":"property","link":"https:\/\/immo-monte.me\/bs\/immobilie\/izdaje-se-stan-u-baru-mb101\/","title":{"rendered":"Izdaje se stan u Baru &#8211; MB101"},"content":{"rendered":"\n<p>Izdaje se stan u centru Bara. Stan se nalazi na 8 spratu vi\u0161espratnice. Stan je veli\u010dine 44 m\u00b2, ima 1 spava\u0107u sobu, kuhinju, kupatilo i dnevni boravak. Ima balkon sa panoramskim pogledom na more i grad. Ku\u0107a je opremljena sa 2 lifta. <strong>Napomena:<\/strong> Ku\u0107ni ljubimci nisu dozvoljeni.    <\/p>\n\n<p>Pje\u0161ice mo\u017eete do\u0107i do trgovina za 2 minute, a do pla\u017ee za 5 minuta. Ispred ku\u0107e je privatni parking.   <\/p>\n\n<p><strong>Tro\u0161kovi najma:<\/strong> 500 eura \/ mjesec<br\/> <strong>Dodatni tro\u0161kovi:<\/strong> struja i voda prema potro\u0161nji; Odvoz sme\u0107a 4 eura mjese\u010dno, odr\u017eavanje zgrade: 13,20 eura mjese\u010dno<br\/> <strong>Minimalni period najma:<\/strong> 6 mjeseci<\/p>\n","protected":false},"excerpt":{"rendered":"<p>Izdaje se stan u centru Bara. Stan se nalazi na 8 spratu vi\u0161espratnice. Stan je veli\u010dine 44 m\u00b2, ima 1 spava\u0107u sobu, kuhinju, kupatilo i dnevni boravak. Ima balkon sa panoramskim pogledom na more i grad. Ku\u0107a je opremljena sa 2 lifta. Napomena: Ku\u0107ni ljubimci nisu dozvoljeni. Pje\u0161ice mo\u017eete do\u0107i do trgovina za 2 minute, [&hellip;]<\/p>\n","protected":false},"author":5,"featured_media":93109,"parent":0,"menu_order":0,"template":"","property_type":[626],"property_status":[619],"property_feature":[616,766,764,679,931],"property_label":[],"property_country":[613],"property_state":[618],"property_city":[623],"property_area":[],"class_list":["post-93150","property","type-property","status-publish","has-post-thumbnail","hentry","property_type-apartman","property_status-najam","property_feature-balkon-bs","property_feature-lift-lift","property_feature-namjesten","property_feature-pogled-na-more","property_feature-pogled-na-planinu","property_country-crna-gora","property_state-bar-bs","property_city-bar-bs"],"aioseo_notices":[],"property_meta":{"fave_featured":["0"],"houzez_featured_listing_date":[""],"fave_single_top_area":["global"],"fave_single_content_area":["global"],"_top_nav_excluded":[""],"_cms_nav_minihome":[""],"houzez_geolocation_lat":["42.0979745"],"houzez_geolocation_long":["19.0954528"],"_thumbnail_id":["93109"],"_last_translation_edit_mode":["translation-editor"],"fave_property_price":["500"],"fave_property_price_postfix":["mjese\u010dno"],"fave_property_size":["44"],"fave_property_size_prefix":["m\u00b2"],"fave_property_bedrooms":["1"],"fave_property_bathrooms":["1"],"fave_property_garage":["1"],"fave_property_id":["MB101"],"fave_property_map":["1"],"fave_property_map_address":["Bar, Op\u0161tina Bar, Crna Gora \/ Crna Gora"],"fave_property_location":["42.0979745,19.0954528,15"],"fave_property_map_street_view":["sakriti"],"fave_agent_display_option":["agent_info"],"fave_agents":["158"],"fave_prop_homeslider":["br"],"fave_property_images":["93108","93102","93099","93096","93093","93090","93087","93084","93078","93081","93075","93111"],"_aioseo_title":[null],"_aioseo_description":[null],"_aioseo_keywords":["a:0:{}"],"_aioseo_og_title":[null],"_aioseo_og_description":[null],"_aioseo_og_article_section":[""],"_aioseo_og_article_tags":["a:0:{}"],"_aioseo_twitter_title":[null],"_aioseo_twitter_description":[null],"houzez_manual_expire":["0"],"_houzez_expiration_date_status":["saved"],"houzez_total_property_views":["378"],"houzez_views_by_date":["a:61:{s:10:\"01-11-2026\";i:1;s:10:\"01-13-2026\";i:1;s:10:\"01-14-2026\";i:1;s:10:\"01-15-2026\";i:2;s:10:\"01-16-2026\";i:1;s:10:\"01-18-2026\";i:1;s:10:\"01-20-2026\";i:1;s:10:\"01-21-2026\";i:2;s:10:\"01-22-2026\";i:1;s:10:\"01-24-2026\";i:1;s:10:\"01-25-2026\";i:1;s:10:\"01-29-2026\";i:2;s:10:\"01-30-2026\";i:1;s:10:\"01-31-2026\";i:1;s:10:\"02-02-2026\";i:2;s:10:\"02-03-2026\";i:1;s:10:\"02-05-2026\";i:5;s:10:\"02-06-2026\";i:4;s:10:\"02-08-2026\";i:1;s:10:\"02-10-2026\";i:1;s:10:\"02-11-2026\";i:1;s:10:\"02-12-2026\";i:1;s:10:\"02-13-2026\";i:1;s:10:\"02-17-2026\";i:1;s:10:\"02-18-2026\";i:1;s:10:\"02-19-2026\";i:3;s:10:\"02-20-2026\";i:1;s:10:\"02-21-2026\";i:1;s:10:\"02-22-2026\";i:1;s:10:\"03-01-2026\";i:1;s:10:\"03-02-2026\";i:1;s:10:\"03-03-2026\";i:2;s:10:\"03-05-2026\";i:1;s:10:\"03-08-2026\";i:3;s:10:\"03-09-2026\";i:2;s:10:\"03-12-2026\";i:2;s:10:\"03-13-2026\";i:2;s:10:\"03-14-2026\";i:1;s:10:\"03-15-2026\";i:2;s:10:\"03-16-2026\";i:1;s:10:\"03-17-2026\";i:2;s:10:\"03-18-2026\";i:2;s:10:\"03-19-2026\";i:2;s:10:\"03-20-2026\";i:1;s:10:\"03-22-2026\";i:1;s:10:\"03-25-2026\";i:3;s:10:\"03-26-2026\";i:2;s:10:\"03-31-2026\";i:1;s:10:\"04-04-2026\";i:1;s:10:\"04-06-2026\";i:1;s:10:\"04-09-2026\";i:1;s:10:\"04-11-2026\";i:1;s:10:\"04-12-2026\";i:1;s:10:\"04-13-2026\";i:1;s:10:\"04-14-2026\";i:3;s:10:\"04-16-2026\";i:2;s:10:\"04-18-2026\";i:1;s:10:\"04-23-2026\";i:1;s:10:\"04-24-2026\";i:2;s:10:\"04-27-2026\";i:2;s:10:\"04-29-2026\";i:1;}"],"houzez_recently_viewed":["2026-04-29 15:15:32"]},"jetpack_sharing_enabled":true,"_links":{"self":[{"href":"https:\/\/immo-monte.me\/bs\/wp-json\/wp\/v2\/properties\/93150","targetHints":{"allow":["GET"]}}],"collection":[{"href":"https:\/\/immo-monte.me\/bs\/wp-json\/wp\/v2\/properties"}],"about":[{"href":"https:\/\/immo-monte.me\/bs\/wp-json\/wp\/v2\/types\/property"}],"author":[{"embeddable":true,"href":"https:\/\/immo-monte.me\/bs\/wp-json\/wp\/v2\/users\/5"}],"version-history":[{"count":2,"href":"https:\/\/immo-monte.me\/bs\/wp-json\/wp\/v2\/properties\/93150\/revisions"}],"predecessor-version":[{"id":93152,"href":"https:\/\/immo-monte.me\/bs\/wp-json\/wp\/v2\/properties\/93150\/revisions\/93152"}],"wp:featuredmedia":[{"embeddable":true,"href":"https:\/\/immo-monte.me\/bs\/wp-json\/wp\/v2\/media\/93109"}],"wp:attachment":[{"href":"https:\/\/immo-monte.me\/bs\/wp-json\/wp\/v2\/media?parent=93150"}],"wp:term":[{"taxonomy":"property_type","embeddable":true,"href":"https:\/\/immo-monte.me\/bs\/wp-json\/wp\/v2\/property_type?post=93150"},{"taxonomy":"property_status","embeddable":true,"href":"https:\/\/immo-monte.me\/bs\/wp-json\/wp\/v2\/property_status?post=93150"},{"taxonomy":"property_feature","embeddable":true,"href":"https:\/\/immo-monte.me\/bs\/wp-json\/wp\/v2\/property_feature?post=93150"},{"taxonomy":"property_label","embeddable":true,"href":"https:\/\/immo-monte.me\/bs\/wp-json\/wp\/v2\/property_label?post=93150"},{"taxonomy":"property_country","embeddable":true,"href":"https:\/\/immo-monte.me\/bs\/wp-json\/wp\/v2\/property_country?post=93150"},{"taxonomy":"property_state","embeddable":true,"href":"https:\/\/immo-monte.me\/bs\/wp-json\/wp\/v2\/property_state?post=93150"},{"taxonomy":"property_city","embeddable":true,"href":"https:\/\/immo-monte.me\/bs\/wp-json\/wp\/v2\/property_city?post=93150"},{"taxonomy":"property_area","embeddable":true,"href":"https:\/\/immo-monte.me\/bs\/wp-json\/wp\/v2\/property_area?post=93150"}],"curies":[{"name":"wp","href":"https:\/\/api.w.org\/{rel}","templated":true}]}}

<p>Izdaje se stan u centru Bara. Stan se nalazi na 8 spratu višespratnice. Stan je veličine 44 m², ima 1 spavaću sobu, kuhinju, kupatilo i dnevni boravak. Ima balkon sa panoramskim pogledom na more i grad. Kuća je opremljena sa 2 lifta. <strong>Napomena:</strong> Kućni ljubimci nisu dozvoljeni.    </p>

<p>Pješice možete doći do trgovina za 2 minute, a do plaže za 5 minuta. Ispred kuće je privatni parking.   </p>

<p><strong>Troškovi najma:</strong> 500 eura / mjesec<br/> <strong>Dodatni troškovi:</strong> struja i voda prema potrošnji; Odvoz smeća 4 eura mjesečno, održavanje zgrade: 13,20 eura mjesečno<br/> <strong>Minimalni period najma:</strong> 6 mjeseci</p>

<p>Izdaje se stan u centru Bara. Stan se nalazi na 8 spratu višespratnice. Stan je veličine 44 m², ima 1 spavaću sobu, kuhinju, kupatilo i dnevni boravak. Ima balkon sa panoramskim pogledom na more i grad. Kuća je opremljena sa 2 lifta. Napomena: Kućni ljubimci nisu dozvoljeni. Pješice možete doći do trgovina za 2 minute, [&hellip;]</p>

mjesečno

Bar, Opština Bar, Crna Gora / Crna Gora
