{"id":88294,"date":"2024-10-10T05:23:00","date_gmt":"2024-10-10T03:23:00","guid":{"rendered":"https:\/\/immo-monte.me\/immobilie\/izdaje-se-3-soban-stan-u-bjelisima-baru-mb77\/"},"modified":"2024-10-22T09:28:44","modified_gmt":"2024-10-22T07:28:44","slug":"izdaje-se-3-soban-stan-u-bjelisima-baru-mb77","status":"publish","type":"property","link":"https:\/\/immo-monte.me\/bs\/immobilie\/izdaje-se-3-soban-stan-u-bjelisima-baru-mb77\/","title":{"rendered":"Izdaje se 3-soban stan u Bjeli\u0161ima\/ Baru &#8211; MB77"},"content":{"rendered":"\n<p>Izdaje se trosoban stan na drugom spratu ku\u0107e koja se nalazi u Baru, u naselju Bjelisi. Stan je veli\u010dine 230 m\u00b2, sa velikom terasom. <\/p>\n\n<p> <br\/>Ku\u0107a je udaljena 5 minuta od grada. Ovaj stan nudi udoban i moderan prostor, savr\u0161en za \u017eivot i opu\u0161tanje. Lijepo ure\u0111en dnevni boravak je srce stana, povezan s blagovaonom kako bi se stvorio dru\u0161tveni prostor. Kuhinja odvojena, sve potpuno novo.   <\/p>\n\n<p>  Terasa sa pogledom na prirodu, more i planine je zbog svoje veli\u010dine idealno mjesto za u\u017eivanje u jutarnjoj kavi, ve\u010deri s ro\u0161tilja.  <\/p>\n\n<p><strong>Tro\u0161kovi najma<\/strong> : 1.000 eura mjese\u010dno<br\/> <strong>Dodatni tro\u0161kovi<\/strong> : struja prema potro\u0161nji, voda se ne napla\u0107uje, internet  <\/p>\n\n<p>__________________________________________________________________<\/p>\n\n<h5 class=\"wp-block-heading\">Va\u017ene informacije o dugoro\u010dnom najmu u Crnoj Gori<\/h5>\n\n<p>__________________________________________________________________<\/p>\n\n<p><strong>1: Ugovori o najmu kod notara<\/strong><br\/> Ugovori o zakupu obi\u010dno se sklapaju kod notara, \u0161to i zakupcu i najmodavcu nudi dodatnu sigurnost i prednosti. Ovo je uobi\u010dajena praksa u Crnoj Gori. <br\/><\/p>\n\n<p><strong>2: Dostupnost objekata<\/strong><br\/> Ne mo\u017eemo garantirati da \u0107e nekretnine koje se ogla\u0161avaju biti dostupne u svakom trenutku, jer se tako\u0111er prodaju preko drugih agencija i mo\u017eda su iznajmljene direktno izme\u0111u njih. Stoga je neophodno da nas uvijek kontaktirate za trenutnu dostupnost. <br\/><\/p>\n\n<p><strong>3: Iznajmljivanje nekretnina na na\u0161oj web stranici<\/strong><br\/> Nekretnine za iznajmljivanje \u010duvamo na na\u0161oj web stranici, \u010dak i ako su privremeno iznajmljene, jer mogu ponovo postati dostupne nakon isteka ugovora o najmu. Ovo vam daje priliku da planirate dugoro\u010dno. <br\/><\/p>\n\n<p><strong>4: Brokerska provizija<\/strong><br\/> Napla\u0107ujemo posredni\u010dku proviziju, koja je obi\u010dno mjese\u010dna zakupnina i obi\u010dno je pla\u0107a stanodavac.<br\/><\/p>\n\n<p><strong>5: Odricanje od odgovornosti<\/strong><br\/> Mi djelujemo samo kao agent za nekretnine za iznajmljivanje i ne preuzimamo nikakvu odgovornost ili odgovornost.<br\/><\/p>\n\n<p><strong>6: Podr\u0161ka pri postavljanju i gledanju<\/strong><br\/> Zajedno s vama pregledamo nekretnine za iznajmljivanje i tako\u0111er vam pru\u017eamo jezi\u010dku podr\u0161ku u posredovanju izme\u0111u zakupca i stanodavca. Na\u0161e osoblje govori njema\u010dki i crnogorski jezik, a na zahtjev se mo\u017ee obezbijediti i prevodilac. Tako\u0111er \u0107emo vas rado otpratiti na termin kod notara, gdje ugovor o zakupu potpisuju obje strane, te smo vam u svakom trenutku na raspolaganju da odgovorimo na sva pitanja ili zahtjeve.  <br\/><br\/><strong>7: Pretraga pojedina\u010dnih objekata<\/strong><br\/> Pored nekretnina navedenih ovdje na na\u0161oj web stranici, rado \u0107emo potra\u017eiti i pojedina\u010dne nekretnine za najam za vas koje odgovaraju va\u0161im \u017eeljama i idejama. Jednostavno nam javite svoje zahtjeve putem e-po\u0161te ili u direktnom kontaktu i mi \u0107emo prona\u0107i odgovaraju\u0107u nekretninu za vas. <\/p>\n\n<p>8: <strong>Boravi\u0161na dozvola u Crnoj Gori<\/strong><br\/> Samo dugoro\u010dni najam nije dovoljan za dobijanje boravi\u0161ne dozvole u Crnoj Gori. Bez ove dozvole dozvoljen je boravak do tri mjeseca. Za du\u017ei boravak potrebno je podnijeti zahtjev za boravi\u0161nu dozvolu.  <br\/><\/p>\n\n<p>9: <strong>Cijene najma<\/strong><br\/> Cijene najma se mogu mijenjati tokom vremena. S obzirom da nije u mogu\u0107nosti da a\u017euriramo cijene svih nekretnina, mo\u017ee se dogoditi da navedene cijene vi\u0161e ne odgovaraju trenutnom stanju. Molimo za razumijevanje da nismo u mogu\u0107nosti redovno kontaktirati sve iznajmljiva\u010de za veliki broj nekretnina da se raspitamo o korekcijama cijena. Trenutne cijene najma se stoga moraju tra\u017eiti pojedina\u010dno.   <\/p>\n\n<ol class=\"wp-block-list\"><\/ol>\n","protected":false},"excerpt":{"rendered":"<p>Izdaje se trosoban stan na drugom spratu ku\u0107e koja se nalazi u Baru, u naselju Bjelisi. Stan je veli\u010dine 230 m\u00b2, sa velikom terasom. Ku\u0107a je udaljena 5 minuta od grada. Ovaj stan nudi udoban i moderan prostor, savr\u0161en za \u017eivot i opu\u0161tanje. Lijepo ure\u0111en dnevni boravak je srce stana, povezan s blagovaonom kako bi [&hellip;]<\/p>\n","protected":false},"author":32,"featured_media":87504,"parent":0,"menu_order":0,"template":"","property_type":[626],"property_status":[619],"property_feature":[627,764,614,679,931,615],"property_label":[],"property_country":[613],"property_state":[618],"property_city":[667],"property_area":[],"class_list":["post-88294","property","type-property","status-publish","has-post-thumbnail","hentry","property_type-apartman","property_status-najam","property_feature-klima-uredaj","property_feature-namjesten","property_feature-parcele","property_feature-pogled-na-more","property_feature-pogled-na-planinu","property_feature-terasa","property_country-crna-gora","property_state-bar-bs","property_city-bjelisi-bs"],"aioseo_notices":[],"property_meta":{"_thumbnail_id":["87504"],"fave_featured":["0"],"houzez_featured_listing_date":[""],"fave_property_images":["87489","87492","87495","87498","87501","87504","87507","87510","87513"],"fave_single_top_area":["global"],"fave_single_content_area":["global"],"_top_nav_excluded":[""],"_cms_nav_minihome":[""],"houzez_geolocation_lat":["42.0952483"],"houzez_geolocation_long":["19.1041585"],"_last_translation_edit_mode":["translation-editor"],"fave_property_price":["1000"],"fave_property_price_postfix":["mjese\u010dno"],"fave_property_size":["230"],"fave_property_size_prefix":["m\u00b2"],"fave_property_bedrooms":["3"],"fave_property_bathrooms":["1"],"fave_property_garage":["2"],"fave_property_id":["MB77"],"fave_property_map":["1"],"fave_property_map_address":["Bjeli\u0161i, Op\u0161tina Bar, Crna Gora \/ Crna Gora"],"fave_property_location":["42.0952483,19.1041585,15"],"fave_property_map_street_view":["sakriti"],"fave_agent_display_option":["agent_info"],"fave_agents":["62711"],"fave_prop_homeslider":["br"],"houzez_total_property_views":["291"],"houzez_views_by_date":["a:61:{s:10:\"12-30-2025\";i:1;s:10:\"12-31-2025\";i:1;s:10:\"01-02-2026\";i:1;s:10:\"01-04-2026\";i:1;s:10:\"01-05-2026\";i:2;s:10:\"01-08-2026\";i:1;s:10:\"01-10-2026\";i:1;s:10:\"01-11-2026\";i:1;s:10:\"01-15-2026\";i:1;s:10:\"01-17-2026\";i:1;s:10:\"01-20-2026\";i:1;s:10:\"01-21-2026\";i:1;s:10:\"01-22-2026\";i:2;s:10:\"01-23-2026\";i:1;s:10:\"01-24-2026\";i:1;s:10:\"01-28-2026\";i:1;s:10:\"01-29-2026\";i:2;s:10:\"01-31-2026\";i:1;s:10:\"02-01-2026\";i:1;s:10:\"02-02-2026\";i:1;s:10:\"02-03-2026\";i:1;s:10:\"02-04-2026\";i:1;s:10:\"02-05-2026\";i:1;s:10:\"02-08-2026\";i:4;s:10:\"02-09-2026\";i:1;s:10:\"02-10-2026\";i:2;s:10:\"02-14-2026\";i:1;s:10:\"02-15-2026\";i:1;s:10:\"02-20-2026\";i:1;s:10:\"02-22-2026\";i:1;s:10:\"02-23-2026\";i:1;s:10:\"02-24-2026\";i:1;s:10:\"02-26-2026\";i:1;s:10:\"03-01-2026\";i:1;s:10:\"03-02-2026\";i:2;s:10:\"03-04-2026\";i:1;s:10:\"03-05-2026\";i:2;s:10:\"03-09-2026\";i:1;s:10:\"03-10-2026\";i:1;s:10:\"03-11-2026\";i:1;s:10:\"03-12-2026\";i:1;s:10:\"03-17-2026\";i:3;s:10:\"03-18-2026\";i:1;s:10:\"03-20-2026\";i:4;s:10:\"03-23-2026\";i:4;s:10:\"03-25-2026\";i:1;s:10:\"03-28-2026\";i:1;s:10:\"03-29-2026\";i:3;s:10:\"03-31-2026\";i:1;s:10:\"04-03-2026\";i:1;s:10:\"04-04-2026\";i:1;s:10:\"04-05-2026\";i:2;s:10:\"04-10-2026\";i:2;s:10:\"04-12-2026\";i:1;s:10:\"04-13-2026\";i:1;s:10:\"04-14-2026\";i:1;s:10:\"04-16-2026\";i:2;s:10:\"04-19-2026\";i:1;s:10:\"04-24-2026\";i:3;s:10:\"04-29-2026\";i:1;s:10:\"05-02-2026\";i:1;}"],"houzez_recently_viewed":["2026-05-02 06:39:31"],"_elementor_page_assets":["a:0:{}"]},"jetpack_sharing_enabled":true,"_links":{"self":[{"href":"https:\/\/immo-monte.me\/bs\/wp-json\/wp\/v2\/properties\/88294","targetHints":{"allow":["GET"]}}],"collection":[{"href":"https:\/\/immo-monte.me\/bs\/wp-json\/wp\/v2\/properties"}],"about":[{"href":"https:\/\/immo-monte.me\/bs\/wp-json\/wp\/v2\/types\/property"}],"author":[{"embeddable":true,"href":"https:\/\/immo-monte.me\/bs\/wp-json\/wp\/v2\/users\/32"}],"version-history":[{"count":3,"href":"https:\/\/immo-monte.me\/bs\/wp-json\/wp\/v2\/properties\/88294\/revisions"}],"predecessor-version":[{"id":90006,"href":"https:\/\/immo-monte.me\/bs\/wp-json\/wp\/v2\/properties\/88294\/revisions\/90006"}],"wp:featuredmedia":[{"embeddable":true,"href":"https:\/\/immo-monte.me\/bs\/wp-json\/wp\/v2\/media\/87504"}],"wp:attachment":[{"href":"https:\/\/immo-monte.me\/bs\/wp-json\/wp\/v2\/media?parent=88294"}],"wp:term":[{"taxonomy":"property_type","embeddable":true,"href":"https:\/\/immo-monte.me\/bs\/wp-json\/wp\/v2\/property_type?post=88294"},{"taxonomy":"property_status","embeddable":true,"href":"https:\/\/immo-monte.me\/bs\/wp-json\/wp\/v2\/property_status?post=88294"},{"taxonomy":"property_feature","embeddable":true,"href":"https:\/\/immo-monte.me\/bs\/wp-json\/wp\/v2\/property_feature?post=88294"},{"taxonomy":"property_label","embeddable":true,"href":"https:\/\/immo-monte.me\/bs\/wp-json\/wp\/v2\/property_label?post=88294"},{"taxonomy":"property_country","embeddable":true,"href":"https:\/\/immo-monte.me\/bs\/wp-json\/wp\/v2\/property_country?post=88294"},{"taxonomy":"property_state","embeddable":true,"href":"https:\/\/immo-monte.me\/bs\/wp-json\/wp\/v2\/property_state?post=88294"},{"taxonomy":"property_city","embeddable":true,"href":"https:\/\/immo-monte.me\/bs\/wp-json\/wp\/v2\/property_city?post=88294"},{"taxonomy":"property_area","embeddable":true,"href":"https:\/\/immo-monte.me\/bs\/wp-json\/wp\/v2\/property_area?post=88294"}],"curies":[{"name":"wp","href":"https:\/\/api.w.org\/{rel}","templated":true}]}}

Izdaje se 3-soban stan u Bjelišima/ Baru &#8211; MB77

<p>Izdaje se trosoban stan na drugom spratu kuće koja se nalazi u Baru, u naselju Bjelisi. Stan je veličine 230 m², sa velikom terasom. </p>

<p> <br/>Kuća je udaljena 5 minuta od grada. Ovaj stan nudi udoban i moderan prostor, savršen za život i opuštanje. Lijepo uređen dnevni boravak je srce stana, povezan s blagovaonom kako bi se stvorio društveni prostor. Kuhinja odvojena, sve potpuno novo.   </p>

<p>  Terasa sa pogledom na prirodu, more i planine je zbog svoje veličine idealno mjesto za uživanje u jutarnjoj kavi, večeri s roštilja.  </p>

<p><strong>Troškovi najma</strong> : 1.000 eura mjesečno<br/> <strong>Dodatni troškovi</strong> : struja prema potrošnji, voda se ne naplaćuje, internet  </p>

<p>__________________________________________________________________</p>

<h5 class="wp-block-heading">Važne informacije o dugoročnom najmu u Crnoj Gori</h5>

<p>__________________________________________________________________</p>

<p><strong>1: Ugovori o najmu kod notara</strong><br/> Ugovori o zakupu obično se sklapaju kod notara, što i zakupcu i najmodavcu nudi dodatnu sigurnost i prednosti. Ovo je uobičajena praksa u Crnoj Gori. <br/></p>

<p><strong>2: Dostupnost objekata</strong><br/> Ne možemo garantirati da će nekretnine koje se oglašavaju biti dostupne u svakom trenutku, jer se također prodaju preko drugih agencija i možda su iznajmljene direktno između njih. Stoga je neophodno da nas uvijek kontaktirate za trenutnu dostupnost. <br/></p>

<p><strong>3: Iznajmljivanje nekretnina na našoj web stranici</strong><br/> Nekretnine za iznajmljivanje čuvamo na našoj web stranici, čak i ako su privremeno iznajmljene, jer mogu ponovo postati dostupne nakon isteka ugovora o najmu. Ovo vam daje priliku da planirate dugoročno. <br/></p>

<p><strong>4: Brokerska provizija</strong><br/> Naplaćujemo posredničku proviziju, koja je obično mjesečna zakupnina i obično je plaća stanodavac.<br/></p>

<p><strong>5: Odricanje od odgovornosti</strong><br/> Mi djelujemo samo kao agent za nekretnine za iznajmljivanje i ne preuzimamo nikakvu odgovornost ili odgovornost.<br/></p>

<p><strong>6: Podrška pri postavljanju i gledanju</strong><br/> Zajedno s vama pregledamo nekretnine za iznajmljivanje i također vam pružamo jezičku podršku u posredovanju između zakupca i stanodavca. Naše osoblje govori njemački i crnogorski jezik, a na zahtjev se može obezbijediti i prevodilac. Također ćemo vas rado otpratiti na termin kod notara, gdje ugovor o zakupu potpisuju obje strane, te smo vam u svakom trenutku na raspolaganju da odgovorimo na sva pitanja ili zahtjeve.  <br/><br/><strong>7: Pretraga pojedinačnih objekata</strong><br/> Pored nekretnina navedenih ovdje na našoj web stranici, rado ćemo potražiti i pojedinačne nekretnine za najam za vas koje odgovaraju vašim željama i idejama. Jednostavno nam javite svoje zahtjeve putem e-pošte ili u direktnom kontaktu i mi ćemo pronaći odgovarajuću nekretninu za vas. </p>

<p>8: <strong>Boravišna dozvola u Crnoj Gori</strong><br/> Samo dugoročni najam nije dovoljan za dobijanje boravišne dozvole u Crnoj Gori. Bez ove dozvole dozvoljen je boravak do tri mjeseca. Za duži boravak potrebno je podnijeti zahtjev za boravišnu dozvolu.  <br/></p>

<p>9: <strong>Cijene najma</strong><br/> Cijene najma se mogu mijenjati tokom vremena. S obzirom da nije u mogućnosti da ažuriramo cijene svih nekretnina, može se dogoditi da navedene cijene više ne odgovaraju trenutnom stanju. Molimo za razumijevanje da nismo u mogućnosti redovno kontaktirati sve iznajmljivače za veliki broj nekretnina da se raspitamo o korekcijama cijena. Trenutne cijene najma se stoga moraju tražiti pojedinačno.   </p>

<ol class="wp-block-list"></ol>

<p>Izdaje se trosoban stan na drugom spratu kuće koja se nalazi u Baru, u naselju Bjelisi. Stan je veličine 230 m², sa velikom terasom. Kuća je udaljena 5 minuta od grada. Ovaj stan nudi udoban i moderan prostor, savršen za život i opuštanje. Lijepo uređen dnevni boravak je srce stana, povezan s blagovaonom kako bi [&hellip;]</p>

mjesečno

Bjeliši, Opština Bar, Crna Gora / Crna Gora
