{"id":83729,"date":"2023-10-17T12:06:38","date_gmt":"2023-10-17T10:06:38","guid":{"rendered":"https:\/\/immo-monte.me\/immobilie\/apartmanska-kuca-u-pecuricama-1-phk\/"},"modified":"2025-03-17T19:30:16","modified_gmt":"2025-03-17T18:30:16","slug":"apartmanska-kuca-u-pecuricama-1-phk","status":"publish","type":"property","link":"https:\/\/immo-monte.me\/bs\/immobilie\/apartmanska-kuca-u-pecuricama-1-phk\/","title":{"rendered":"Apartmanska ku\u0107a u Pe\u0107uricama &#8211; 1 PHK"},"content":{"rendered":"\n<p>Ova apartmanska ku\u0107a se prodaje u Pe\u0107uricama &#8211; Barski okrug &#8211; na crnogorskom primorju.  <\/p>\n\n<p>Apartmanska ku\u0107a se sastoji od 5 apartmana i dva dijela u prizemlju koji se mogu koristiti zasebno. Na 1. i 2. katu se nalaze 2 apartmana. Ovi apartmani se sastoje od spava\u0107e sobe, kupatila i otvorenog dnevnog i kuhinjskog dela. Svi apartmani u ku\u0107i imaju jedan ili \u010dak dva balkona sa pogledom na more i planinu.     <\/p>\n\n<p>Na 3. katu se nalazi penthouse sa dvije spava\u0107e sobe, kupatilom i otvorenim dnevnim boravkom sa kuhinjom. Penthouse tako\u0111er ima veliku krovnu terasu sa nevjerovatno lijepim pogledom na more i planine. <\/p>\n\n<p>Svi apartmani su opremljeni klima ure\u0111ajima za grijanje i hla\u0111enje. Postoji lavor za dovod vode u ku\u0107u. Priklju\u010dak na put, priklju\u010dak struje i parkirna mjesta direktno ispred ku\u0107e.    <\/p>\n\n<p>Do pla\u017ee\/mora mo\u017eete do\u0107i pje\u0161ice za maksimalno 10 minuta. Najbli\u017ee prodavnice su u Ulcinju ili Dubravi &#8211; svaka udaljena oko 5-10 minuta autom.   <\/p>\n\n<p><\/p>\n","protected":false},"excerpt":{"rendered":"<p>Ova apartmanska ku\u0107a se prodaje u Pe\u0107uricama &#8211; Barski okrug &#8211; na crnogorskom primorju. Apartmanska ku\u0107a se sastoji od 5 apartmana i dva dijela u prizemlju koji se mogu koristiti zasebno. Na 1. i 2. katu se nalaze 2 apartmana. Ovi apartmani se sastoje od spava\u0107e sobe, kupatila i otvorenog dnevnog i kuhinjskog dela. Svi [&hellip;]<\/p>\n","protected":false},"author":5,"featured_media":72696,"parent":0,"menu_order":0,"template":"","property_type":[643],"property_status":[642],"property_feature":[616,627,654,764,614,679,641,716,700,624,615],"property_label":[739],"property_country":[613],"property_state":[618],"property_city":[675],"property_area":[],"class_list":["post-83729","property","type-property","status-publish","has-post-thumbnail","hentry","property_type-apartmanska-kuca","property_status-kupovinu","property_feature-balkon-bs","property_feature-klima-uredaj","property_feature-krovna-terasa","property_feature-namjesten","property_feature-parcele","property_feature-pogled-na-more","property_feature-putna-veza","property_feature-renoviran","property_feature-soba-za-ves","property_feature-struja","property_feature-terasa","property_label-specijalna-ponuda","property_country-crna-gora","property_state-bar-bs","property_city-pecurice-bs"],"aioseo_notices":[],"property_meta":{"_thumbnail_id":["72696"],"fave_featured":["0"],"houzez_featured_listing_date":[""],"fave_property_images":["72564","72570","72576","72579","72585","72588","72591","72594","72597","72600","72603","72606","72609","72612","72615","72618","72621","72624","72627","72630","72633","72636","72639","72642","72663","72666","72672","72675","72678","72681","72684","72687","72696"],"fave_single_top_area":["global"],"fave_single_content_area":["global"],"_top_nav_excluded":[""],"_cms_nav_minihome":[""],"houzez_geolocation_lat":["42.0302874"],"houzez_geolocation_long":["19.1723657"],"_last_translation_edit_mode":["translation-editor"],"_aioseo_title":[null],"_aioseo_description":[null],"_aioseo_keywords":["a:0:{}"],"_aioseo_og_title":[null],"_aioseo_og_description":[null],"_aioseo_og_article_section":[""],"_aioseo_og_article_tags":["a:0:{}"],"_aioseo_twitter_title":[null],"_aioseo_twitter_description":[null],"houzez_manual_expire":["0"],"_houzez_expiration_date_status":["saved"],"houzez_total_property_views":["404"],"houzez_views_by_date":["a:61:{s:10:\"01-04-2026\";i:1;s:10:\"01-06-2026\";i:1;s:10:\"01-07-2026\";i:1;s:10:\"01-08-2026\";i:1;s:10:\"01-09-2026\";i:1;s:10:\"01-11-2026\";i:1;s:10:\"01-12-2026\";i:1;s:10:\"01-13-2026\";i:1;s:10:\"01-15-2026\";i:1;s:10:\"01-17-2026\";i:2;s:10:\"01-18-2026\";i:5;s:10:\"01-22-2026\";i:1;s:10:\"01-23-2026\";i:1;s:10:\"01-24-2026\";i:1;s:10:\"01-28-2026\";i:1;s:10:\"01-29-2026\";i:1;s:10:\"01-31-2026\";i:1;s:10:\"02-02-2026\";i:1;s:10:\"02-03-2026\";i:2;s:10:\"02-05-2026\";i:1;s:10:\"02-06-2026\";i:1;s:10:\"02-08-2026\";i:4;s:10:\"02-09-2026\";i:3;s:10:\"02-12-2026\";i:1;s:10:\"02-14-2026\";i:2;s:10:\"02-16-2026\";i:1;s:10:\"02-18-2026\";i:1;s:10:\"02-20-2026\";i:1;s:10:\"02-23-2026\";i:1;s:10:\"02-26-2026\";i:1;s:10:\"03-01-2026\";i:1;s:10:\"03-02-2026\";i:1;s:10:\"03-04-2026\";i:1;s:10:\"03-05-2026\";i:2;s:10:\"03-10-2026\";i:1;s:10:\"03-12-2026\";i:1;s:10:\"03-14-2026\";i:2;s:10:\"03-16-2026\";i:2;s:10:\"03-17-2026\";i:3;s:10:\"03-18-2026\";i:1;s:10:\"03-20-2026\";i:2;s:10:\"03-22-2026\";i:3;s:10:\"03-24-2026\";i:1;s:10:\"03-27-2026\";i:2;s:10:\"03-28-2026\";i:1;s:10:\"03-29-2026\";i:1;s:10:\"03-31-2026\";i:1;s:10:\"04-02-2026\";i:1;s:10:\"04-04-2026\";i:1;s:10:\"04-05-2026\";i:1;s:10:\"04-07-2026\";i:1;s:10:\"04-08-2026\";i:2;s:10:\"04-09-2026\";i:1;s:10:\"04-11-2026\";i:1;s:10:\"04-14-2026\";i:1;s:10:\"04-15-2026\";i:1;s:10:\"04-17-2026\";i:2;s:10:\"04-19-2026\";i:1;s:10:\"04-22-2026\";i:1;s:10:\"04-28-2026\";i:1;s:10:\"05-01-2026\";i:2;}"],"houzez_recently_viewed":["2026-05-01 19:05:50"],"fave_property_price":["290000"],"fave_property_size":["322"],"fave_property_size_prefix":["m\u00b2"],"fave_property_land":["300"],"fave_property_land_postfix":["m\u00b2"],"fave_property_bedrooms":["7"],"fave_property_garage":["4"],"fave_property_id":["PHK1"],"fave_property_map":["1"],"fave_property_map_address":["Pe\u010durice, Op\u0161tina Bar, 85353, Crna Gora \/ Crna Gora"],"fave_property_location":["42.0302874,19.1723657,15"],"fave_property_map_street_view":["sakriti"],"fave_video_url":["https:\/\/youtu.be\/vHw5i9NZBzY"],"fave_agent_display_option":["agent_info"],"fave_agents":["158"],"fave_prop_homeslider":["br"],"fave_property_rooms":["7"],"_elementor_page_assets":["a:0:{}"]},"jetpack_sharing_enabled":true,"_links":{"self":[{"href":"https:\/\/immo-monte.me\/bs\/wp-json\/wp\/v2\/properties\/83729","targetHints":{"allow":["GET"]}}],"collection":[{"href":"https:\/\/immo-monte.me\/bs\/wp-json\/wp\/v2\/properties"}],"about":[{"href":"https:\/\/immo-monte.me\/bs\/wp-json\/wp\/v2\/types\/property"}],"author":[{"embeddable":true,"href":"https:\/\/immo-monte.me\/bs\/wp-json\/wp\/v2\/users\/5"}],"version-history":[{"count":3,"href":"https:\/\/immo-monte.me\/bs\/wp-json\/wp\/v2\/properties\/83729\/revisions"}],"predecessor-version":[{"id":105988,"href":"https:\/\/immo-monte.me\/bs\/wp-json\/wp\/v2\/properties\/83729\/revisions\/105988"}],"wp:featuredmedia":[{"embeddable":true,"href":"https:\/\/immo-monte.me\/bs\/wp-json\/wp\/v2\/media\/72696"}],"wp:attachment":[{"href":"https:\/\/immo-monte.me\/bs\/wp-json\/wp\/v2\/media?parent=83729"}],"wp:term":[{"taxonomy":"property_type","embeddable":true,"href":"https:\/\/immo-monte.me\/bs\/wp-json\/wp\/v2\/property_type?post=83729"},{"taxonomy":"property_status","embeddable":true,"href":"https:\/\/immo-monte.me\/bs\/wp-json\/wp\/v2\/property_status?post=83729"},{"taxonomy":"property_feature","embeddable":true,"href":"https:\/\/immo-monte.me\/bs\/wp-json\/wp\/v2\/property_feature?post=83729"},{"taxonomy":"property_label","embeddable":true,"href":"https:\/\/immo-monte.me\/bs\/wp-json\/wp\/v2\/property_label?post=83729"},{"taxonomy":"property_country","embeddable":true,"href":"https:\/\/immo-monte.me\/bs\/wp-json\/wp\/v2\/property_country?post=83729"},{"taxonomy":"property_state","embeddable":true,"href":"https:\/\/immo-monte.me\/bs\/wp-json\/wp\/v2\/property_state?post=83729"},{"taxonomy":"property_city","embeddable":true,"href":"https:\/\/immo-monte.me\/bs\/wp-json\/wp\/v2\/property_city?post=83729"},{"taxonomy":"property_area","embeddable":true,"href":"https:\/\/immo-monte.me\/bs\/wp-json\/wp\/v2\/property_area?post=83729"}],"curies":[{"name":"wp","href":"https:\/\/api.w.org\/{rel}","templated":true}]}}

Apartmanska kuća u Pećuricama &#8211; 1 PHK

<p>Ova apartmanska kuća se prodaje u Pećuricama &#8211; Barski okrug &#8211; na crnogorskom primorju.  </p>

<p>Apartmanska kuća se sastoji od 5 apartmana i dva dijela u prizemlju koji se mogu koristiti zasebno. Na 1. i 2. katu se nalaze 2 apartmana. Ovi apartmani se sastoje od spavaće sobe, kupatila i otvorenog dnevnog i kuhinjskog dela. Svi apartmani u kući imaju jedan ili čak dva balkona sa pogledom na more i planinu.     </p>

<p>Na 3. katu se nalazi penthouse sa dvije spavaće sobe, kupatilom i otvorenim dnevnim boravkom sa kuhinjom. Penthouse također ima veliku krovnu terasu sa nevjerovatno lijepim pogledom na more i planine. </p>

<p>Svi apartmani su opremljeni klima uređajima za grijanje i hlađenje. Postoji lavor za dovod vode u kuću. Priključak na put, priključak struje i parkirna mjesta direktno ispred kuće.    </p>

<p>Do plaže/mora možete doći pješice za maksimalno 10 minuta. Najbliže prodavnice su u Ulcinju ili Dubravi &#8211; svaka udaljena oko 5-10 minuta autom.   </p>

<p></p>

<p>Ova apartmanska kuća se prodaje u Pećuricama &#8211; Barski okrug &#8211; na crnogorskom primorju. Apartmanska kuća se sastoji od 5 apartmana i dva dijela u prizemlju koji se mogu koristiti zasebno. Na 1. i 2. katu se nalaze 2 apartmana. Ovi apartmani se sastoje od spavaće sobe, kupatila i otvorenog dnevnog i kuhinjskog dela. Svi [&hellip;]</p>

Pečurice, Opština Bar, 85353, Crna Gora / Crna Gora
