{"id":82987,"date":"2023-02-16T21:23:47","date_gmt":"2023-02-16T20:23:47","guid":{"rendered":"https:\/\/immo-monte.me\/immobilie\/prodajem-kucu-u-ulcinju-ulchk2\/"},"modified":"2025-03-15T19:46:13","modified_gmt":"2025-03-15T18:46:13","slug":"prodajem-kucu-u-ulcinju-ulchk2","status":"publish","type":"property","link":"https:\/\/immo-monte.me\/bs\/immobilie\/prodajem-kucu-u-ulcinju-ulchk2\/","title":{"rendered":"Prodajem kucu u Ulcinju &#8211; UlcHK2"},"content":{"rendered":"","protected":false},"excerpt":{"rendered":"","protected":false},"author":5,"featured_media":51736,"parent":0,"menu_order":0,"template":"","property_type":[620],"property_status":[642],"property_feature":[],"property_label":[],"property_country":[613],"property_state":[725],"property_city":[724],"property_area":[],"class_list":["post-82987","property","type-property","status-publish","has-post-thumbnail","hentry","property_type-samostojeca-kuca","property_status-kupovinu","property_country-crna-gora","property_state-ulcinj-bs","property_city-vladimir-bs"],"aioseo_notices":[],"property_meta":{"_thumbnail_id":["51736"],"fave_featured":["0"],"houzez_featured_listing_date":[""],"fave_property_images":["51730","51731","51732","51733","51734","51735","51736"],"fave_single_top_area":["global"],"fave_single_content_area":["global"],"_top_nav_excluded":[""],"_cms_nav_minihome":[""],"houzez_geolocation_lat":["42.0036497"],"houzez_geolocation_long":["19.3273642"],"_last_translation_edit_mode":["translation-editor"],"houzez_total_property_views":["320"],"houzez_views_by_date":["a:61:{s:10:\"12-14-2025\";i:1;s:10:\"12-15-2025\";i:1;s:10:\"12-16-2025\";i:1;s:10:\"12-19-2025\";i:1;s:10:\"12-20-2025\";i:1;s:10:\"12-23-2025\";i:1;s:10:\"12-26-2025\";i:2;s:10:\"12-31-2025\";i:2;s:10:\"01-02-2026\";i:1;s:10:\"01-04-2026\";i:1;s:10:\"01-06-2026\";i:1;s:10:\"01-07-2026\";i:1;s:10:\"01-09-2026\";i:1;s:10:\"01-10-2026\";i:1;s:10:\"01-12-2026\";i:1;s:10:\"01-13-2026\";i:2;s:10:\"01-14-2026\";i:1;s:10:\"01-15-2026\";i:1;s:10:\"01-18-2026\";i:1;s:10:\"01-21-2026\";i:2;s:10:\"01-22-2026\";i:1;s:10:\"01-23-2026\";i:2;s:10:\"01-24-2026\";i:2;s:10:\"01-25-2026\";i:1;s:10:\"01-27-2026\";i:1;s:10:\"01-29-2026\";i:1;s:10:\"01-30-2026\";i:1;s:10:\"01-31-2026\";i:1;s:10:\"02-02-2026\";i:1;s:10:\"02-05-2026\";i:2;s:10:\"02-06-2026\";i:1;s:10:\"02-08-2026\";i:1;s:10:\"02-11-2026\";i:2;s:10:\"02-12-2026\";i:3;s:10:\"02-13-2026\";i:1;s:10:\"02-14-2026\";i:1;s:10:\"02-18-2026\";i:2;s:10:\"02-24-2026\";i:1;s:10:\"02-27-2026\";i:1;s:10:\"03-01-2026\";i:1;s:10:\"03-03-2026\";i:1;s:10:\"03-04-2026\";i:2;s:10:\"03-05-2026\";i:1;s:10:\"03-10-2026\";i:1;s:10:\"03-12-2026\";i:2;s:10:\"03-15-2026\";i:1;s:10:\"03-16-2026\";i:1;s:10:\"03-17-2026\";i:1;s:10:\"03-22-2026\";i:1;s:10:\"03-25-2026\";i:2;s:10:\"03-27-2026\";i:4;s:10:\"03-28-2026\";i:1;s:10:\"03-31-2026\";i:1;s:10:\"04-01-2026\";i:1;s:10:\"04-03-2026\";i:1;s:10:\"04-05-2026\";i:1;s:10:\"04-08-2026\";i:1;s:10:\"04-10-2026\";i:2;s:10:\"04-14-2026\";i:1;s:10:\"04-18-2026\";i:2;s:10:\"04-23-2026\";i:1;}"],"houzez_recently_viewed":["2026-04-23 12:23:43"],"fave_property_price":["140000"],"fave_property_size":["200"],"fave_property_size_prefix":["m\u00b2"],"fave_property_land":["3000"],"fave_property_land_postfix":["m\u00b2"],"fave_property_bedrooms":["3"],"fave_property_bathrooms":["2"],"fave_property_garage":["3"],"fave_property_id":["UlcHK2"],"fave_property_map":["1"],"fave_property_map_address":["Selita - Selit\u00eb, \u0160as - \u0160as, Op\u0161tina Ulcinj, 85366, Crna Gora"],"fave_property_location":["42.0036497,19.3273642,15"],"fave_property_map_street_view":["sakriti"],"fave_agent_display_option":["agent_info"],"fave_agents":["158"],"fave_prop_homeslider":["br"],"fave_property_rooms":["5"]},"jetpack_sharing_enabled":true,"_links":{"self":[{"href":"https:\/\/immo-monte.me\/bs\/wp-json\/wp\/v2\/properties\/82987","targetHints":{"allow":["GET"]}}],"collection":[{"href":"https:\/\/immo-monte.me\/bs\/wp-json\/wp\/v2\/properties"}],"about":[{"href":"https:\/\/immo-monte.me\/bs\/wp-json\/wp\/v2\/types\/property"}],"author":[{"embeddable":true,"href":"https:\/\/immo-monte.me\/bs\/wp-json\/wp\/v2\/users\/5"}],"version-history":[{"count":1,"href":"https:\/\/immo-monte.me\/bs\/wp-json\/wp\/v2\/properties\/82987\/revisions"}],"predecessor-version":[{"id":82989,"href":"https:\/\/immo-monte.me\/bs\/wp-json\/wp\/v2\/properties\/82987\/revisions\/82989"}],"wp:featuredmedia":[{"embeddable":true,"href":"https:\/\/immo-monte.me\/bs\/wp-json\/wp\/v2\/media\/51736"}],"wp:attachment":[{"href":"https:\/\/immo-monte.me\/bs\/wp-json\/wp\/v2\/media?parent=82987"}],"wp:term":[{"taxonomy":"property_type","embeddable":true,"href":"https:\/\/immo-monte.me\/bs\/wp-json\/wp\/v2\/property_type?post=82987"},{"taxonomy":"property_status","embeddable":true,"href":"https:\/\/immo-monte.me\/bs\/wp-json\/wp\/v2\/property_status?post=82987"},{"taxonomy":"property_feature","embeddable":true,"href":"https:\/\/immo-monte.me\/bs\/wp-json\/wp\/v2\/property_feature?post=82987"},{"taxonomy":"property_label","embeddable":true,"href":"https:\/\/immo-monte.me\/bs\/wp-json\/wp\/v2\/property_label?post=82987"},{"taxonomy":"property_country","embeddable":true,"href":"https:\/\/immo-monte.me\/bs\/wp-json\/wp\/v2\/property_country?post=82987"},{"taxonomy":"property_state","embeddable":true,"href":"https:\/\/immo-monte.me\/bs\/wp-json\/wp\/v2\/property_state?post=82987"},{"taxonomy":"property_city","embeddable":true,"href":"https:\/\/immo-monte.me\/bs\/wp-json\/wp\/v2\/property_city?post=82987"},{"taxonomy":"property_area","embeddable":true,"href":"https:\/\/immo-monte.me\/bs\/wp-json\/wp\/v2\/property_area?post=82987"}],"curies":[{"name":"wp","href":"https:\/\/api.w.org\/{rel}","templated":true}]}}

Selita - Selitë, Šas - Šas, Opština Ulcinj, 85366, Crna Gora
