{"id":82346,"date":"2022-08-04T22:37:00","date_gmt":"2022-08-04T20:37:00","guid":{"rendered":"https:\/\/immo-monte.me\/immobilie\/plac-u-brkanovicu-b27\/"},"modified":"2024-07-08T16:14:10","modified_gmt":"2024-07-08T14:14:10","slug":"plac-u-brkanovicu-b27","status":"publish","type":"property","link":"https:\/\/immo-monte.me\/bs\/immobilie\/plac-u-brkanovicu-b27\/","title":{"rendered":"Plac u Brkanovi\u0107u B27"},"content":{"rendered":"\n<h3 class=\"wp-block-heading\">Brkanovi\u0107 &#8211; imanje cca 4.000 m\u00b2 nalazi se odmah uz B26. Ima samo mali pogled na more u gornjem dijelu. Na vrhu ravna povr\u0161ina, pa nagnut polo\u017eaj, pa u donjem dijelu mala \u0161uma sa fantasti\u010dnim hladom i prekrasnim zrakom ljeti na 40 stepeni&#8230;  <\/h3>\n\n<h3 class=\"wp-block-heading\">Postoji direktna putna veza. Struja je ve\u0107 na susjednom imanju.  <\/h3>\n\n<h3 class=\"wp-block-heading\">Cijena: 35 eura\/m\u00b2  <\/h3>\n","protected":false},"excerpt":{"rendered":"<p>Brkanovi\u0107 &#8211; imanje cca 4.000 m\u00b2 nalazi se odmah uz B26. Ima samo mali pogled na more u gornjem dijelu. Na vrhu ravna povr\u0161ina, pa nagnut polo\u017eaj, pa u donjem dijelu mala \u0161uma sa fantasti\u010dnim hladom i prekrasnim zrakom ljeti na 40 stepeni&#8230; Postoji direktna putna veza. Struja je ve\u0107 na susjednom imanju. Cijena: 35 [&hellip;]<\/p>\n","protected":false},"author":5,"featured_media":46456,"parent":0,"menu_order":0,"template":"","property_type":[676],"property_status":[642],"property_feature":[679,641,624],"property_label":[],"property_country":[613],"property_state":[618],"property_city":[683],"property_area":[],"class_list":["post-82346","property","type-property","status-publish","has-post-thumbnail","hentry","property_type-nekretnina","property_status-kupovinu","property_feature-pogled-na-more","property_feature-putna-veza","property_feature-struja","property_country-crna-gora","property_state-bar-bs","property_city-brkanovic-bs"],"aioseo_notices":[],"property_meta":{"_thumbnail_id":["46456"],"fave_featured":["0"],"houzez_featured_listing_date":[""],"fave_property_images":["46456"],"fave_single_top_area":["global"],"fave_single_content_area":["global"],"_top_nav_excluded":[""],"_cms_nav_minihome":[""],"fave_property_price":["140000"],"fave_property_land":["4000"],"fave_property_land_postfix":["m\u00b2"],"fave_property_id":["B27"],"fave_property_map":["1"],"fave_property_map_address":["Brkanovi\u0107i, Grdovi\u0107i, Op\u0161tina Bar, 85353, Crna Gora"],"fave_property_location":["42.0414292,19.1735181,15"],"houzez_geolocation_lat":["42.0414292"],"houzez_geolocation_long":["19.1735181"],"fave_property_map_street_view":["sakriti"],"fave_video_url":["https:\/\/www.youtube.com\/watch?v=b5V_7sbO-OU"],"fave_agent_display_option":["agent_info"],"fave_agents":["158"],"fave_prop_homeslider":["br"],"_last_translation_edit_mode":["translation-editor"],"houzez_total_property_views":["298"],"houzez_views_by_date":["a:61:{s:10:\"12-10-2025\";i:1;s:10:\"12-13-2025\";i:2;s:10:\"12-14-2025\";i:3;s:10:\"12-19-2025\";i:1;s:10:\"12-20-2025\";i:1;s:10:\"12-23-2025\";i:1;s:10:\"12-26-2025\";i:2;s:10:\"12-28-2025\";i:1;s:10:\"12-29-2025\";i:1;s:10:\"12-31-2025\";i:1;s:10:\"01-01-2026\";i:1;s:10:\"01-02-2026\";i:1;s:10:\"01-04-2026\";i:1;s:10:\"01-06-2026\";i:1;s:10:\"01-08-2026\";i:1;s:10:\"01-09-2026\";i:1;s:10:\"01-11-2026\";i:1;s:10:\"01-12-2026\";i:1;s:10:\"01-15-2026\";i:1;s:10:\"01-18-2026\";i:3;s:10:\"01-19-2026\";i:1;s:10:\"01-22-2026\";i:1;s:10:\"01-23-2026\";i:1;s:10:\"01-24-2026\";i:2;s:10:\"01-28-2026\";i:1;s:10:\"01-29-2026\";i:2;s:10:\"01-30-2026\";i:2;s:10:\"02-02-2026\";i:1;s:10:\"02-05-2026\";i:2;s:10:\"02-08-2026\";i:1;s:10:\"02-09-2026\";i:3;s:10:\"02-11-2026\";i:1;s:10:\"02-14-2026\";i:1;s:10:\"02-16-2026\";i:2;s:10:\"02-17-2026\";i:1;s:10:\"02-19-2026\";i:1;s:10:\"02-21-2026\";i:2;s:10:\"02-22-2026\";i:1;s:10:\"02-23-2026\";i:1;s:10:\"03-02-2026\";i:2;s:10:\"03-04-2026\";i:1;s:10:\"03-05-2026\";i:1;s:10:\"03-06-2026\";i:1;s:10:\"03-10-2026\";i:1;s:10:\"03-12-2026\";i:2;s:10:\"03-14-2026\";i:1;s:10:\"03-16-2026\";i:1;s:10:\"03-22-2026\";i:3;s:10:\"03-25-2026\";i:2;s:10:\"03-26-2026\";i:1;s:10:\"03-27-2026\";i:1;s:10:\"03-28-2026\";i:4;s:10:\"04-03-2026\";i:1;s:10:\"04-04-2026\";i:1;s:10:\"04-09-2026\";i:2;s:10:\"04-12-2026\";i:1;s:10:\"04-16-2026\";i:1;s:10:\"04-22-2026\";i:2;s:10:\"04-27-2026\";i:1;s:10:\"04-29-2026\";i:1;s:10:\"04-30-2026\";i:1;}"],"houzez_recently_viewed":["2026-04-30 19:54:39"],"_elementor_page_assets":["a:0:{}"]},"jetpack_sharing_enabled":true,"_links":{"self":[{"href":"https:\/\/immo-monte.me\/bs\/wp-json\/wp\/v2\/properties\/82346","targetHints":{"allow":["GET"]}}],"collection":[{"href":"https:\/\/immo-monte.me\/bs\/wp-json\/wp\/v2\/properties"}],"about":[{"href":"https:\/\/immo-monte.me\/bs\/wp-json\/wp\/v2\/types\/property"}],"author":[{"embeddable":true,"href":"https:\/\/immo-monte.me\/bs\/wp-json\/wp\/v2\/users\/5"}],"version-history":[{"count":2,"href":"https:\/\/immo-monte.me\/bs\/wp-json\/wp\/v2\/properties\/82346\/revisions"}],"predecessor-version":[{"id":82350,"href":"https:\/\/immo-monte.me\/bs\/wp-json\/wp\/v2\/properties\/82346\/revisions\/82350"}],"wp:featuredmedia":[{"embeddable":true,"href":"https:\/\/immo-monte.me\/bs\/wp-json\/wp\/v2\/media\/46456"}],"wp:attachment":[{"href":"https:\/\/immo-monte.me\/bs\/wp-json\/wp\/v2\/media?parent=82346"}],"wp:term":[{"taxonomy":"property_type","embeddable":true,"href":"https:\/\/immo-monte.me\/bs\/wp-json\/wp\/v2\/property_type?post=82346"},{"taxonomy":"property_status","embeddable":true,"href":"https:\/\/immo-monte.me\/bs\/wp-json\/wp\/v2\/property_status?post=82346"},{"taxonomy":"property_feature","embeddable":true,"href":"https:\/\/immo-monte.me\/bs\/wp-json\/wp\/v2\/property_feature?post=82346"},{"taxonomy":"property_label","embeddable":true,"href":"https:\/\/immo-monte.me\/bs\/wp-json\/wp\/v2\/property_label?post=82346"},{"taxonomy":"property_country","embeddable":true,"href":"https:\/\/immo-monte.me\/bs\/wp-json\/wp\/v2\/property_country?post=82346"},{"taxonomy":"property_state","embeddable":true,"href":"https:\/\/immo-monte.me\/bs\/wp-json\/wp\/v2\/property_state?post=82346"},{"taxonomy":"property_city","embeddable":true,"href":"https:\/\/immo-monte.me\/bs\/wp-json\/wp\/v2\/property_city?post=82346"},{"taxonomy":"property_area","embeddable":true,"href":"https:\/\/immo-monte.me\/bs\/wp-json\/wp\/v2\/property_area?post=82346"}],"curies":[{"name":"wp","href":"https:\/\/api.w.org\/{rel}","templated":true}]}}

Plac u Brkanoviću B27

<h3 class="wp-block-heading">Brkanović &#8211; imanje cca 4.000 m² nalazi se odmah uz B26. Ima samo mali pogled na more u gornjem dijelu. Na vrhu ravna površina, pa nagnut položaj, pa u donjem dijelu mala šuma sa fantastičnim hladom i prekrasnim zrakom ljeti na 40 stepeni&#8230;  </h3>

<h3 class="wp-block-heading">Postoji direktna putna veza. Struja je već na susjednom imanju.  </h3>

<h3 class="wp-block-heading">Cijena: 35 eura/m²  </h3>

<p>Brkanović &#8211; imanje cca 4.000 m² nalazi se odmah uz B26. Ima samo mali pogled na more u gornjem dijelu. Na vrhu ravna površina, pa nagnut položaj, pa u donjem dijelu mala šuma sa fantastičnim hladom i prekrasnim zrakom ljeti na 40 stepeni&#8230; Postoji direktna putna veza. Struja je već na susjednom imanju. Cijena: 35 [&hellip;]</p>

Brkanovići, Grdovići, Opština Bar, 85353, Crna Gora
